ivided by r(2)?
14
Suppose 5*w = m - 99, -m - 2*w + 186 = m. Let c = 16 - 4. What is the remainder when 2/4*m/1 is divided by c?
11
Suppose 123 = 4*v - 353. Calculate the remainder when v is divided by 30.
29
Suppose -m = -3*l + 184, -2*m - 65 = -l - 7. Calculate the remainder when l is divided by 16.
14
Suppose -99 - 166 = -5*g. What is the remainder when g is divided by 14?
11
Let c(w) = 21*w**2 + 2*w - 1. Let o be (-6)/(-21) - (-160)/28. Suppose -12 = x - 5*p - 91, 0 = 2*p + o. Calculate the remainder when x is divided by c(1).
20
Let l = 14 + -6. Calculate the remainder when 101 is divided by l.
5
Let v(z) = 59*z - 7. What is the remainder when 256 is divided by v(1)?
48
Let n = 8 - 5. Let c(r) = r**3 - 2*r**2 - 2*r + 4. Suppose 0 = 5*x + g + g - 12, -5*x + 3*g + 32 = 0. What is the remainder when c(n) is divided by x?
3
Suppose 0 = 3*g + 4*t + 311, 0 = -4*g - 3*t + 237 - 654. Let f = -72 - g. Calculate the remainder when f is divided by 12.
9
Suppose 97 = 5*v - d, 3*v + 5*d - 14 = 33. Calculate the remainder when 0 - (2/2)/(8/(-288)) is divided by v.
17
Let t(o) = 30*o - 2. Let q be ((-27)/9)/((-3)/2). What is the remainder when t(q) is divided by 15?
13
Let f(p) = -10*p + 10. What is the remainder when f(-5) is divided by 16?
12
Let n = 57 + -22. What is the remainder when n is divided by 12?
11
Suppose 0 = 4*o - o. Let g(k) be the third derivative of -k**6/120 - k**5/60 + 3*k**3/2 - 2*k**2. Calculate the remainder when 26 is divided by g(o).
8
Suppose -3*x - 3 = -0*x. Let q be (1 - 1)/(x - 0). Let m(i) = i**2 + i + 2. Calculate the remainder when m(q) is divided by 2.
0
Let b(y) = 7 - y**2 + 0*y**2 + 8*y - 1. Suppose 2*t - 53 = -d - 3*t, -2*d + 64 = -4*t. Calculate the remainder when d is divided by b(7).
12
Suppose 0 = 4*b - 10 + 2. Suppose 26 = b*j + n, -j - 5*n = 4*j - 75. Suppose 4*g - 3*g - 21 = 0. Calculate the remainder when g is divided by j.
10
Let h = -7 - -15. What is the remainder when 13 is divided by h?
5
Let w(x) = x**2 - 5*x + 4. Let b be w(4). Suppose -5*v = -20, d + 2*v + b + 7 = 0. What is the remainder when d*(1 + 1*-2) is divided by 8?
7
Calculate the remainder when (-2)/(-1)*(-54)/(-12) is divided by 2.
1
Suppose -33 = -3*y - 0*y. Let r = -5 - -8. Suppose u - 3*u + 82 = 5*d, -r*u + 109 = 4*d. Calculate the remainder when u is divided by y.
9
Suppose 3*c - 12 = 2*b + 10, -3*c = -6. Calculate the remainder when (-336)/b + (-3)/(-1) is divided by 12.
9
Let k = -39 + 49. Suppose 2*x - 5*f = 71, -4*x - f + 156 - 47 = 0. Calculate the remainder when x is divided by k.
8
Let y be 0*((-9)/6 + 1). Suppose -60 = -y*o - 5*o. Calculate the remainder when 21 is divided by o.
9
Suppose 0*r = -3*r + 5*n + 92, -n + 138 = 4*r. Suppose 2*b - 4*l = 80 - r, -4*l = 4*b - 92. Let i = -30 - -38. Calculate the remainder when b is divided by i.
7
What is the remainder when 39 is divided by (-18)/3 - -2 - -12?
7
Suppose -14*g + 21*g = 63. Calculate the remainder when 18 is divided by g.
0
Let n = 0 - 16. Let p = 2 - n. What is the remainder when p is divided by 10?
8
Let q = 2 - 3. Let a(d) = d**3 - 10*d**2 + 18*d - 11. Let s be a(8). Let b = s + q. What is the remainder when 5 is divided by b?
1
Suppose u - 62 = -2*n - 3*n, 5*u - 11 = -2*n. Suppose 0 = -2*a + a + n. What is the remainder when a is divided by 7?
6
Suppose 0*b = -4*b + 92. What is the remainder when 66 is divided by b?
20
Suppose -3*a = -7 - 2. Let p = a - -1. Calculate the remainder when p is divided by 3.
1
Suppose 0 = 7*x - 3*x - 348. What is the remainder when x is divided by 18?
15
Let z = -57 + 94. Let w(v) = -v**2 + 12*v + 2. Let j be w(12). Suppose -3*d + z = -j. What is the remainder when 25 is divided by d?
12
Let x(p) be the second derivative of -p**4/12 - 3*p**3/2 - 4*p**2 + 2*p. Calculate the remainder when 27 is divided by x(-6).
7
Let u(y) = 0 + 2*y**2 - 5*y - 2 + 7*y. Calculate the remainder when u(5) is divided by 20.
18
Suppose 0 = 2*y - 9 - 29. Calculate the remainder when y is divided by 7.
5
Suppose -z = -3*r + 17, 2*z = 2*r - 0*z - 6. Let x(n) = n + 15. What is the remainder when x(10) is divided by r?
4
Suppose -70*s = -69*s - 77. What is the remainder when s is divided by 23?
8
Let b be (2 - (-2 + 5))*-3. Let i(m) = 7*m**2 - 8*m + 3. Calculate the remainder when i(b) is divided by 15.
12
Suppose j + 1 - 4 = 0. Suppose 0 = 2*x - j*x + 12. Calculate the remainder when 47 is divided by x.
11
Let m(q) = -q**3 + 5*q**2 + 4. Let c be m(5). Let y = 24 - c. Calculate the remainder when y is divided by 2 - 2 - -11 - 0.
9
Let f(i) = 3 + i**3 + 4 + 5*i + 6*i**2 + 0*i + 5. What is the remainder when 280/6 + 2/(-3) is divided by f(-5)?
10
Suppose -3*j + 46 = -38. Let s = -24 + j. What is the remainder when 15 is divided by s?
3
Calculate the remainder when (-27)/9 - 44/(-2) is divided by 10.
9
Let k(g) = g**2 - 9*g - 12. What is the remainder when k(-5) is divided by 21?
16
Let t(u) = 18*u - 1. Let q be t(-4). Let i = -52 - q. Suppose -5*z + 4*v + 75 = 0, 54 = -z + 5*z - 2*v. Calculate the remainder when i is divided by z.
10
Let l(k) = -k**2 + 5*k - 4. Let d(f) = 4*f - 3. Let n(s) = 5*d(s) - 4*l(s). Calculate the remainder when 32 is divided by n(2).
15
Let g(l) = -8*l - 5. Let q be ((-84)/8)/((-2)/8). Suppose 0 = -0*c + 3*c - q. What is the remainder when g(-4) is divided by c?
13
Suppose 0*i - 5*i = -235. Let a(w) = -2*w**2 - 3*w. Let h be a(3). Let g = i + h. Calculate the remainder when g is divided by 11.
9
Suppose -6 = -4*q - 0*q + 2*y, -3*q = -2*y - 3. Calculate the remainder when 3 is divided by q.
0
Let c(w) = w**2 + 3*w + 1. Calculate the remainder when c(4) is divided by (45/(-6))/(-3)*6.
14
Let i(z) = -z + 2. Let j be i(2). Suppose -3*f + 5*f - 54 = j. What is the remainder when f is divided by 7?
6
Let h be 4/(-6) - 184/12. Let g = 24 + h. Let z = 2 + 13. Calculate the remainder when z is divided by g.
7
Suppose 2*x - 3 = x. Let w(p) = 2*p - 6. Calculate the remainder when w(5) is divided by x.
1
Suppose -j - 15 = 3*m - 5*m, -4*j - 5*m = 99. Let k = -6 - j. Calculate the remainder when k is divided by 8.
7
Calculate the remainder when 46 is divided by 154/10 + (-9)/(-15).
14
Suppose -2*p = -18 - 0. What is the remainder when 60 is divided by p?
6
Let i = -14 - -26. Suppose 0*z + 2*l + 32 = 3*z, -z = -l - i. What is the remainder when 13 is divided by z?
5
What is the remainder when 262 is divided by (-4)/((-85)/(-30) - (-1 + 4))?
22
Suppose 2*l = -3*l + 30. Calculate the remainder when 21 is divided by l.
3
Let q be 14/(-4) - 5/(-10). Let j = 2 - q. Suppose 5*p + 3*m = 4*m + 155, j*m = 0. Calculate the remainder when p is divided by 16.
15
Suppose 0 = 4*d - 9*d + 2*t + 62, 2*d + 2*t = 22. What is the remainder when (-1)/((-2)/(-3))*-38 is divided by d?
9
Let v be 102/(-8) - 2/8. Let q = v + 5. Calculate the remainder when 53 is divided by (9/2)/((-2)/q).
17
Suppose 5*n + 4*k - 25 = 0, n - 2*k - 10 = -n. Suppose -3*r = -n*r - 3*q + 82, 0 = 3*r + q - 109. What is the remainder when r is divided by 9?
8
Suppose 5*u - 4*t - 87 + 1 = 0, -4*t = 16. What is the remainder when 19 is divided by u?
5
What is the remainder when 39 is divided by 5 - 1*(-8)/2?
3
Suppose 0 = 2*v + c - 23, -v + 0*c - 2*c = -16. Suppose 0*d = 3*d + 5*j - 6, 4*j + v = 5*d. Let z = -15 + 16. What is the remainder when d is divided by z?
0
Let h(b) = -b**3 + 8*b**2 - 7*b - 2. Let j be h(5). Let w = j - 10. What is the remainder when w is divided by 8?
4
Let n(l) = 16 - 6 + 14 - l. Let z be n(0). Suppose -3*i - i = -z. What is the remainder when 11 is divided by i?
5
Let m(p) = p**3 - 9*p**2 - p + 9. What is the remainder when m(10) is divided by 20?
19
Suppose -5*k = -2*z + 92, -k = -4*z - 2*k + 140. Let h = -14 - -27. Calculate the remainder when z is divided by h.
10
Let j = -14 - -22. Let o(z) = 3*z**2 + 2*z + 2. Let r be o(-3). Let k = 46 - r. What is the remainder when k is divided by j?
7
Suppose -3*f + 6 = 3. Suppose 2*y - f = 9. Suppose -50 = -3*n - 11. Calculate the remainder when n is divided by y.
3
Let l = -7 - -7. Suppose 9 = -3*m + 5*a - 1, -m - 5*a = -30. Suppose 4*n - 21 - 6 = 3*w, -5*n + m*w + 30 = l. Calculate the remainder when 17 is divided by n.
8
Suppose 0*m - 2*m + 2*j = -94, 5*j = 20. Calculate the remainder when m is divided by 20.
11
Suppose -3*x + 32 = 5